21
Let c(k) = 11*k + 66. Give c(-11).
-55
Let d(p) = -62*p**3 + 37*p**2 + 32*p - 5. What is d(-1)?
62
Let u(z) = 138*z + 842. Give u(-7).
-124
Let w(z) = 1800*z - 10767. Determine w(6).
33
Let j(m) = m**3 + 52*m**2 - 4*m - 211. What is j(-52)?
-3
Let f(k) = -4*k**2 - 92*k + 596. What is f(6)?
-100
Let d(q) = 19*q - 3. Give d(-6).
-117
Let f(w) = -4*w**2 - 166*w - 659. Determine f(-37).
7
Let h(b) = -5*b**3 - 332*b**2 - 120*b + 793. What is h(-66)?
1
Let o(l) = -2*l**3 + 8*l**2 - 33*l + 120. What is o(4)?
-12
Let a(n) = 4*n - 218. Calculate a(45).
-38
Let v(z) = 15*z + 610. Determine v(-47).
-95
Let b(i) = -18*i**2 + 898*i + 107. Give b(50).
7
Let z(t) = t**3 + 15*t**2 - 11*t + 1. Give z(4).
261
Let t(o) = -33*o + 1148. What is t(35)?
-7
Let h(q) = -3*q**2 - 15705*q - 15706. Determine h(-1).
-4
Let m(z) = -3*z**3 + 23*z**2 - 21*z - 1. Calculate m(1).
-2
Let q(o) = -156*o + 151. Calculate q(1).
-5
Let z(y) = -y**3 - 5*y**2 + 32*y + 65. Give z(-2).
-11
Let b(d) = 2*d**3 - 2*d**2 - 26*d + 7. What is b(4)?
-1
Let h(g) = 9*g - 18. Determine h(-6).
-72
Let u(r) = r**2 + 2*r + 14. Calculate u(-8).
62
Let x(y) = y**3 - 14*y**2 + 25*y - 101. Give x(13).
55
Let z(v) = 2*v**3 - 41*v**2 + 17*v - 62. Calculate z(20).
-122
Let z(l) = l**3 - 19*l**2 + 83*l + 18. Calculate z(7).
11
Let l(p) = 40*p - 163. What is l(11)?
277
Let f(u) = u**3 + 17*u**2 - 3*u - 24. Determine f(-17).
27
Let d(o) = -o**2 - 6*o + 92. Give d(-11).
37
Let w(k) = 2*k**3 - 41*k**2 - 26*k + 87. Calculate w(21).
-18
Let m(f) = 49*f**2 + 262*f - 186. Determine m(-6).
6
Let d(g) = 25*g**2 - 922*g - 136. Calculate d(37).
-25
Let j(o) = 3*o**2 - 5*o - 207. Give j(-11).
211
Let t(f) = -2*f**2 + 47*f + 57. Determine t(24).
33
Let q(a) = 3*a**2 + 31*a - 903. Determine q(14).
119
Let w(q) = -q**3 - 56*q**2 + 516*q + 245. Determine w(-64).
-11
Let o(n) = n**3 - 79*n**2 - 4448*n - 69. Determine o(-38).
7
Let u(w) = -w**3 + 7*w**2 - 25*w + 111. What is u(6)?
-3
Let p(q) = 2*q**2 - 54*q - 88. Determine p(-5).
232
Let p(o) = -o**3 - 43*o**2 + 132*o - 434. Determine p(-46).
-158
Let p(d) = 4*d**2 + 29*d + 58. Calculate p(-3).
7
Let f(c) = 45*c + 637. What is f(-14)?
7
Let y(q) = -335*q - 2686. Give y(-8).
-6
Let n(i) = -403*i - 1686. Calculate n(-5).
329
Let c(d) = -d**2 + 62*d + 347. Calculate c(63).
284
Let n(y) = 8*y**2 - 1. Calculate n(-4).
127
Let o(u) = -2*u**2 - 41*u - 182. Give o(-5).
-27
Let s(j) = -692*j + 4850. Give s(7).
6
Let y(c) = c**2 + 140*c + 2880. Calculate y(-25).
5
Let x(n) = -4479*n + 71672. Give x(16).
8
Let r(b) = b**2 + 21*b + 137. Determine r(-10).
27
Let w(j) = -j**3 - 24*j**2 - 100*j + 144. Calculate w(-18).
0
Let z(y) = y**3 + 8*y**2 - 25*y - 63. Give z(-10).
-13
Let f(p) = 2*p - 257. Determine f(-8).
-273
Let p(i) = i**2 - 33*i + 32. What is p(13)?
-228
Let j(z) = 3*z**2 + 48*z + 382. What is j(-9)?
193
Let p(j) = -5*j - 173. Calculate p(-35).
2
Let g(s) = -2*s**3 + 20*s**2 - 12*s - 5. Calculate g(9).
49
Let g(b) = 2*b**2 + 4*b + 58. Determine g(-5).
88
Let s(u) = -u**3 - 27*u**2 + 29*u + 59. Give s(-28).
31
Let p(c) = 3*c**2 + 63*c + 16. Give p(-22).
82
Let p(g) = -23*g - 308. Give p(-16).
60
Let x(f) = -3*f**3 + 3*f**2 - 5*f + 13. Give x(3).
-56
Let h(w) = -4*w + 20. Calculate h(-4).
36
Let b(j) = j**3 + 39*j**2 + 350*j - 13. Give b(-25).
-13
Let l(x) = -55*x**2 - 10*x + 2. Determine l(1).
-63
Let a(b) = b**3 - 57*b**2 - 6496*b + 110. Determine a(-57).
-4
Let m(c) = 18*c - 605. Give m(41).
133
Let n(x) = -237*x + 286. Determine n(1).
49
Let n(p) = p**3 - 17*p**2 + 54*p - 26. Give n(13).
0
Let x(b) = 23*b + 264. Determine x(7).
425
Let k(h) = 762*h + 6094. Give k(-8).
-2
Let f(d) = -d**2 + 17*d + 106. What is f(16)?
122
Let d(p) = -37*p - 46. What is d(-4)?
102
Let r(z) = 1402*z - 22431. What is r(16)?
1
Let v(b) = b**3 + 24*b**2 + 49*b + 313. What is v(-23)?
-285
Let a(r) = r**3 + 98*r**2 - 201*r - 103. What is a(-100)?
-3
Let u(g) = g**3 - 81*g**2 + g - 85. Determine u(81).
-4
Let f(m) = -3*m**2 - 32*m - 44. What is f(-8)?
20
Let z(u) = -48*u + 198. Give z(4).
6
Let k(d) = -539*d + 20993. What is k(39)?
-28
Let x(c) = -c**2 - 8*c. Determine x(5).
-65
Let i(j) = j**3 + 28*j**2 - 159*j + 213. Calculate i(-33).
15
Let p(a) = -52*a - 1657. Calculate p(-33).
59
Let v(p) = p**3 + 17*p**2 + 19*p + 90. Give v(-16).
42
Let q(h) = h**3 + 188*h**2 - 3045*h - 7. What is q(15)?
-7
Let t(b) = b**2 + 499*b - 3023. Determine t(6).
7
Let i(p) = 336*p - 85332. What is i(254)?
12
Let r(u) = -2*u**3 - 27*u**2 - 4*u - 47. What is r(-14)?
205
Let q(g) = 2*g**3 - 12*g**2 - 25*g - 9. Give q(8).
47
Let d(q) = -q**3 + 85*q**2 - 77*q - 610. Calculate d(84).
-22
Let d(j) = 2*j**3 + 4*j**2 - 5*j - 175. Determine d(0).
-175
Let l(r) = -r**2 - r. Give l(-2).
-2
Let b(r) = 23*r + 887. Give b(-38).
13
Let u(n) = n**2 - 68*n + 664. What is u(60)?
184
Let a(i) = -26*i - 696. Give a(-26).
-20
Let n(v) = -6*v**2 - 11*v + 20. Determine n(2).
-26
Let y(t) = -1220*t - 6087. Calculate y(-5).
13
Let j(b) = -b**3 - 4*b**2 + b + 11. Calculate j(-3).
-1
Let h(i) = i**2 + 73*i + 1075. Calculate h(-21).
-17
Let d(j) = -21*j**2 + 165*j + 165. Determine d(-1).
-21
Let r(z) = 12*z - 1099. Determine r(90).
-19
Let q(f) = -f + 66. Calculate q(51).
15
Let p(j) = 12*j + 266. Calculate p(-23).
-10
Let f(w) = -238*w + 2847. Determine f(12).
-9
Let j(r) = 59*r + 722. Calculate j(-12).
14
Let o(q) = q**2 + 6*q - 26. Determine o(-9).
1
Let k(h) = -4*h**2 + 19*h + 20. Give k(10).
-190
Let s(y) = -2*y**2 + 71*y - 39. What is s(35)?
-4
Let n(c) = -670*c + 10732. Give n(16).
12
Let t(z) = 166*z - 11120. Determine t(67).
2
Let u(s) = 7*s - 119. Determine u(28).
77
Let v(z) = -40*z - 1102. Give v(-27).
-22
Let l(r) = -17*r**3 - 18*r - 44. Give l(-2).
128
Let n(s) = -s**3 - 2*s**2 - 44*s + 1. What is n(0)?
1
Let c(q) = -q**3 - 16*q**2 - 20*q. Calculate c(-15).
75
Let x(q) = -5*q**2 + 29*q + 373. Calculate x(-5).
103
Let a(m) = 117*m**2 + 2*m. What is a(-1)?
115
Let b(y) = 1649*y + 1680. Give b(-1).
31
Let w(u) = 4*u**2 - 10*u + 125. What is w(0)?
125
Let b(t) = 5*t**3 - 41*t**2 + 70*t - 19. Calculate b(2).
-3
Let u(h) = -27*h + 267. Determine u(11).
-30
Let y(s) = -188*s + 11094. Give y(59).
2
Let h(j) = 12*j + 800. Give h(-70).
-40
Let y(r) = r**2 + 104*r + 853. Determine y(-9).
-2
Let o(r) = 99*r - 14942. Determine o(151).
7
Let s(v) = 4*v**3 - 18*v**2 + 29*v + 2. Determine s(5).
197
Let c(j) = 10*j + 440. What is c(-25)?
190
Let a(f) = 4*f**2 + 12*f - 70. Determine a(5).
90
Let v(t) = 2*t**2 - 30*t - 809. Calculate v(-14).
3
Let a(v) = -3*v**3 - 18*v**2 + 12*v + 74. Determine a(-6).
2
Let y(i) = -i**3 - 10*i**2 + 50*i - 15. Give y(-12).
-327
Let m(g) = -62*g + 344. Give m(8).
-152
Let m(k) = -37*k**2 + 43*k + 96. Calculate m(-5).
-1044
Let m(y) = -549*y + 3734. What is m(7)?
-109
Let w(t) = 2*t**3 + 24*t**2 - 84*t + 29. Calculate w(-15).
-61
Let a(x) = 10*x**3 - 6*x**2 + 2*x + 2. Calculate a(2).
62
Let j(i) = i**3 - 13*i**2 + 7*i + 38. What is j(5)?
-127
Let n(a) = 89*a**2 - 226*a - 674. What is n(-3)?
805
Let z(y) = -y**2 - 94*y - 1959. Calculate z(-63).
-6
Let r(o) = 73*o - 1042. Calculate r(28).
1002
Let u(w) = -3*w - 97. Give u(16).
-145
Let k(m) = -23*m**3 + 100*m**2 - 43*m + 29. What is k(4)?
-15
Let t(m) = m**2 + 2*m + 3. Determine t(-7).
38
Let h(o) = 31*o**2 + 10809*o - 3494. Give h(-349).
-4
Let k(u) = 4468*u + 49154. What is k(-11)?
6
Let j(b) = -b**3 - 5*b**2 + 37*b - 330. Give j(-11).
-11
Let d(f) = -f**3 - 27*f**2 + 134*f + 304. What is d(-31)?
-6
Let u(j) = j**3 - 129*j**2 - 218*j - 5778. What is u(131)?
-14
Let n(o) = -605*o + 1793. Determine n(3).
-22
Let f(r) = 68*r + 3771. Calculate f(-49).
439
Let j(v) = -v**3 + 30*v**2 - 224*v - 16. Determine j(16).
-16
Let f(d) = -d**3 - 79*d**2 - 222*d + 7. What is f(-3)?
-11
Let a(n) = -n**3 + 33*n**2 - 46*n + 123. Determine a(32).
-325
Let n(w) = 2*w**2 - 35*w - 35. Determine n(17).
-52
Let u(h) = -h**3 - 30*h**2 + 45*h + 446. Determine u(-31).
12
Let c(f) = 167*f - 1320. Give c(8).
16
Let u(p) = 709*p - 4973. Determine u(7).
-10
Let a(z) = 8*z + 272. What is a(-8)?
208
Let a(i) = -i**3 - 6*i**2 + 27*i - 16. Calculate a(3).
-16
Let j(a) = 8*a - 308. Determine j(44).
44
Let b(w) = 9*w - 309. Give b(28).
-57
Let x(q) = -q**3 + 9*q**2 - 73. What is x(6)?
35
Let s(a) = a**2 